6 + (6 - 13)).
10
Evaluate -2 + 37 + -27 + 18.
26
What is 3 + (1 + -8 - -4) + 12 + 7?
19
Evaluate 4 - 12 - (-25 + (4 - 7) + 2).
18
What is -55 + 22 + 19 - -15?
1
Calculate (-2 - -1) + (-13 + 5 - (-3 - 3)).
-3
What is the value of (-132 - -123) + 3 + (1 - (-38 - -3))?
30
Evaluate -17 + (1 - (-2 - 2)) + -3 + 3.
-12
What is the value of 1 + -9 + (-5 - -7) + -2 + 3?
-5
What is the value of -7 - (-6 - -2) - (-5 - 3) - -16?
21
What is the value of 11 + 0 + 21 + -30 - (-9 - 0)?
11
What is the value of (9 - (-13 - -15)) + (-7 - -9) - -27?
36
Calculate -1 + 23 + (-4 - (21 + -23)).
20
What is the value of 8 - (2 - -15 - (-22 - -28))?
-3
What is -6 + 3 + -4 + 3 - (-138 - -144)?
-10
What is the value of -7 - (-9 + 14 + -2)?
-10
21 - (-1 - (-4 - 4))
14
What is the value of 3 + 8 + -5 + 8 + -5?
9
What is the value of -4 + 10 + (1 - (1 - -1)) - 15?
-10
What is 3 - 8 - -15 - (-19 - -24)?
5
What is the value of -20 + 30 + (-5 + 9 - 0)?
14
What is (-10 + 0 - -1) + 865 + -882?
-26
What is the value of (8 + -3 - 12) + 7 + 9?
9
What is 24 - 9 - (-8 - -31)?
-8
Calculate -8 + 1 - (-4 - (-6 + -5 + 14)).
0
What is the value of -20 + 21 + 10 + -16?
-5
(-103 - -93 - (0 + -4)) + 8
2
What is the value of 0 - 10 - -10 - (-10 - 1)?
11
Calculate -5 + -8 + 12 + (2 - 7) + -10.
-16
Evaluate 47 - 25 - (6 - -6).
10
What is 3 - (-12 + (-1 - (-3 - 5)))?
8
Calculate (0 - -1) + -62 + 59.
-2
What is -1 + 7 + (-16 - -8) + -5?
-7
What is the value of 1 + (-2 - 5) + 0 + 57 + -41?
10
Calculate -14 + -25 - (10 - 35).
-14
78 - 78 - ((3 + -3 - -4) + 0)
-4
Calculate (-2 - 17) + (-27 - -114 - 107).
-39
-7 + 12 + -8 + (-1 - -8) - 6
-2
Evaluate (10 - 1) + 127 + -152.
-16
What is the value of (-14 - (-3 + 16)) + 16?
-11
Evaluate 9 + -18 + 1 + 9.
1
Calculate 8 - (-4 - (-19 + 16) - 11).
20
Calculate -1 - ((-2 - 7) + (16 + -25 - -3)).
14
Calculate -2173 + 2190 + (-17 - -1).
1
36 + -6 + (28 - 39) - 54
-35
10 + 17 - (33 - -9)
-15
Calculate -84 + 86 + (1 - (-2 + -14)) + -7.
12
What is the value of (-4300 - -4293) + (21 - (-1 - -1 - -1))?
13
8 + (55 - 21) + -51
-9
Evaluate -2 + (1 - 1) - ((-13 - -31) + -13).
-7
Evaluate 0 + -3 - 6 - (-31 - -11).
11
Evaluate 0 - (-1 - -4 - (-13 + (10 - -13))).
7
What is (-9 - 0 - (-10 - -7)) + (88 - 69)?
13
Evaluate 5 + 4 + -9 + -5 + -3 + 10.
2
Calculate (2 + 9 - (-3 + 4 + 0)) + -3.
7
What is the value of -10 + 18 - 12 - (4 - (4 + -18))?
-22
What is the value of (-8 - 1) + (-2 - 1) + (-4 - 2)?
-18
(2 - (1 + -4)) + (-24 - (-26 + 18))
-11
-2 + -26 - (-11 + (1 - 2))
-16
(8 - 1) + (1 - 18 - -2)
-8
-8 - (0 + -9 + 22 + -11)
-10
Calculate (18 + -10 - 11) + -6 + 2 + 1.
-6
-6 - (5 + (-3 - -1) + 3)
-12
Evaluate 0 - 6 - (1 + -12 + (329 - 311)).
-13
Calculate 30 + (-12 - (-2 + 6 + -7)).
21
Evaluate -9 + (-31 - -21) + (0 - 1 - -6).
-14
(23 - (6 + 1 + 2)) + 5
19
What is the value of -10 + (16 - 24) - (1 - -1)?
-20
Evaluate (21 - -16 - 32) + 27.
32
Evaluate 25 + 0 - ((64 - 87) + 30).
18
Calculate -3 + 0 + -1 - 4 - -25.
17
Calculate 0 + (0 - 0) + (68 - (60 - -32)).
-24
What is the value of 0 + -11 + (8 + -16 + 10 - -2)?
-7
Evaluate -20 - -5 - 1 - -3.
-13
(-23 - (5 - -1)) + 15 + -2
-16
Evaluate -31 + (-204 + 207 - (1 - 14)).
-15
Calculate -13 + (-23 - -36 - 1).
-1
-49 + 10 + 20 - -19
0
Evaluate 6 - (-23 + 9 + 2).
18
What is (-7 - -23 - 35 - -4) + -10?
-25
What is the value of -16 + (7 - -12) + 7?
10
Evaluate 1411 + -1427 - (0 - 24).
8
Calculate 13 + -16 + 13 + (5 - 18).
-3
Calculate (-4 - (1 - (2 + -3))) + 25 + -21.
-2
Evaluate 0 + (15 + -21 - (-3 - 0)) - 7.
-10
Calculate -1 + (-4 - -1) - 18 - (-31 + 23).
-14
-2 + -6 + 5 - (-20 - (-2 - 21))
-6
What is 2 + (-14 - 11) + 12?
-11
Evaluate (-4 - -12) + -11 + 58 - 20.
35
17 - (-10 + (-4 - -56))
-25
Evaluate 33 - (4 + -12 + -1 + 10).
32
Calculate 5 + (-22 - -11) + 10.
4
Calculate 22 - (-21 + 17) - 47.
-21
What is the value of -4 + 10 + -11 - (-4 - 8)?
7
What is the value of -23 + (42 - 24 - 20)?
-25
What is -13 + (2 + -13 - (49 - 62))?
-11
What is the value of -12 + (37 - (41 - 33))?
17
-26 - -16 - (-8 - -5)
-7
What is the value of -15 - (-31 + (11 - -10))?
-5
0 + (-16 - -6) + -4
-14
Calculate 1 + -5 - (33 - 59 - -40).
-18
What is the value of -16 - -36 - -14 - 16?
18
What is 25 + -29 + -3 + 10?
3
What is the value of (18 - 14 - -2) + (-2 + 2 - 3)?
3
Evaluate (-7 - 20) + 2 + 14.
-11
What is the value of -7 + (-18 - 1 - -13)?
-13
Calculate -1 + (-1 - (1 - 13)).
10
(24 - 13) + -25 + 11
-3
Calculate -621 - -579 - (0 - (0 - -14)).
-28
-15 + 28 + -16 + 17
14
Evaluate 1 + (-23 - -47) + -27.
-2
What is 10 + -22 + 4 + (0 - 0)?
-8
What is the value of 0 - -4 - (177 - 198)?
25
5 - ((13 - 29) + -13)
34
Evaluate ((4 - 4) + 2 - 6) + (-5 - -1).
-8
Evaluate (12 - 2) + -8 + (13 - 6).
9
7 + 1 + (-29 - -21) + 1 + -2
-1
Calculate 5 + (6 - (4 + 7 + -9)).
9
3 + (2 - (-1 - -3) - -7) + 1
11
What is 4 - (9 + (6 - 17 - 8))?
14
Calculate 1 - -13 - (-37 + 40) - (-1 + 2).
10
What is the value of -142 + 126 - (10 + -12 + -2 + 1)?
-13
What is -10 + (-7 - -6) + -10 + -5 + 1?
-25
-13 - (-12 - -13 - 12)
-2
11 + 11 + (-7 + 16 - 38)
-7
Evaluate (0 - 8) + (-5 - 20) + (1 - -6).
-26
What is (-4 - -9) + 4 - (-12 - (12 + -30))?
3
What is the value of (-900 - -935) + (-23 - 2)?
10
What is (-2 + 12 - (38 - 2)) + 4?
-22
What is the value of 1 - 35 - (-600 - -558)?
8
-6 - (-7 + 14 + (1 - 7 - -5))
-12
54 + 17 + -50 - 47
-26
Evaluate (-1 - 9) + (-1062 - -1057).
-15
Calculate 46 + (-37 - 8) - (2 - 0 - -2).
-3
Evaluate -22 - (-27 - 8) - (-2 - -39).
-24
25 + (-29 - (-10 + 3)) + 6
9
What is the value of -1647 + 1622 + -3 + 0?
-28
Evaluate (-4 - -2) + (-2 - -8) + (9 - 4).
9
Calculate 6 - (17 + -16 + 8 + -12).
9
Calculate 13 + -26 + 7 - 3.
-9
(14 - 7) + -14 - (-21 + -1)
15
Evaluate (0 - -3) + (-9 - (-15 + 4 + -5)).
10
Calculate -18 + 7 + 1 + (-7 - -4).
-13
-55 + 27 + (43 - 1)
14
What is the value of -11 + 8 + (6 - 6) + 8?
5
-1 + 9 + (4 - (-7 + 2))
17
Evaluate (5 - (17 - (23 - 7))) + (-19 - 0).
-15
Evaluate 5 + (11 - ((-4 - -14) + 9) - -22).
19
What is the value of (1 - -1) + -10 + 40 + -33?
-1
Evaluate -99 + 78 - ((24 - 4) + -6).
-35
Evaluate 2 - (-7 + 8 + -6) - 13.
-6
Evaluate -20 + (-3 + 10 - ((5 - -2) + -6)).
-14
What is (1 + 5 - 5) + (24 - 0) + -5?
20
What is -11 + 3 + 1 + (30 - 39) + 15?
-1
What is the value of 20 + -1 + (12 + -5 - -1) + -13?
14
What is -9 - (-1 - 2 - (-88 - -88))?
-6
What is (0 - -3) + (-8 - -1 - -7 - -7)?
10
What is 17 + -26 + 2 + -11 + -16?
-34
40 - (11 + 0 - (-1 + 26 + -20))
34
What is the value of -21 - -2 - 3 - (-63 + 60)?
-19
What is -5 + 1 + 15 + -7 + 4?
8
What is 9 - ((5 - 10) + (-2 - -9))?
7
What is the value of (-30 - (-5 + 0)) + 18?
-7
Evaluate 23 + (52 - 23 - 48).
4
What is the value of -8 + 3 + -15 + 12 + -4?
-12
Evaluate (-2 - (20 - 12)) + -4 + -3 - -10.
-7
Evaluate 16 - (-7 - (11 - 31 - -14)).
17
8 + (-4 - (3 - 3)) - (14 - 16)
6
Calculate 3 + -8 - -11 - (2 + 3 - 3).
4
Evaluate (-56 - -29) + 29 + 27.
29
What is the value of 3 + (-5 - (-14 - (-5 + (0 - 1))))?
6
What is -14 - (26 - 13 - 14)?
-13
-14 + -16 + (3 - (-11 + 11 + -1))
-26
Calculate 8 + -20 - (7 + (-13 - -14)).
-20
Evaluate -3 - (-6 + 4 - 3 - 11).
13
What is 20 - 46 - -8 - 4?
-22
(-2 - (5 + 3 + 0)) + (37 - 35)
-8
Calculate 5 + -3 + (-21 - -4) - (11 - 1).
-25
Evaluate 4 - ((3 - 10 - -9) + 2 - -26).
-26
What is the value of 338 + -365 + 27 + -2?
-2
What is the value of 4 - (32 + (-44 - -25))?
-9
Evaluate -3 + -2 + (-4 + -5 - -7) + 8.
1
Evaluate (-3 - (21 + -1)) + 4 + -2 + -7.
-28
Calculate 5 + (-6 - (-41 - (-20 - -12))).
32
Evaluate -18 + (5 - -11) - 0.
-2
Calculate 38 + -32 - (-1 - -1) - -13 - 3.
16
Calculate -40 + 44 + 5 + -28 + 50.
31
What is the value of 40 - 19 - (14 - -4)?
3
Calculate -15 + -1 + (-18 - -2) + 20.
-12
-7 + (9 - (7 + -3)) - -15
13
7 - (5 - ((3 - (1 - 7)) + -8))
3
Calculate 4 + 1 + (0 - -9 - (57 - 50)).
7
Evaluate 28 - (-18 + 28 + 12).
6
2 - 2 - 21 - (-219 - -210)
-12
What is the value of -3 - (1 + 2 + (25 - 46) + 15)?
0
Evaluate 10 + (-14 - -20) + -4.
12
What is 9 + 7 + -34 + -12?
-30
What is the value of 15 + (-15 - (-8 - (-7 + 12)))?
13
Calculate 1 - (-21 + 15 - 6 - (4 + 0)).
17
Evaluate (-5 - -2) + 3 + -9.
-9
Calculate (-11 - (13 - 21) - -12) + (3 - -1).
13
(-43 - -137) + -60 + -4 + -1
29
Evaluate -7 - (0 - 10 - (-3 + -3)).
-3
Evaluate -13 + -2 + 10 + 13 + -29.
-21
What is (-